Suppose 60*r = 51*r + 1638. What is the highest common divisor of 14 and r?
14
Let a = 31 - 5. Suppose a = 3*f - f. Let o(h) = 2*h - 3. Let c be o(8). What is the greatest common divisor of f and c?
13
Let f(v) = 5*v + 22. Let g be f(-9). Let o = 89 - g. Calculate the greatest common divisor of 14 and o.
14
Let x = -103 - -171. What is the highest common factor of x and 153?
17
Let z(q) = 3*q + 3. Let v be z(3). Let n be ((-232)/(-5))/(110/100) - (-4)/(-22). What is the highest common factor of v and n?
6
Suppose 3*p + 2*r - 2 = r, -3*p = 2*r + 2. Suppose 0 = -3*l - 3*o + 21, -l + 9 = o + p*o. Calculate the highest common factor of 24 and l.
6
Suppose 0 = 4*p - m - 641, -5*m - 568 = 5*p - 1388. Let j be -2 + 26 + -1 - 0. What is the greatest common factor of j and p?
23
Let m(c) = -c**2 + 4*c + 4. Let a be m(4). Suppose 1 = 5*p - a. Let n = -201 + 202. What is the greatest common divisor of p and n?
1
Let u = 1312 + -1092. Calculate the highest common divisor of 495 and u.
55
Let s(o) = o**3 + 15*o**2 - 74*o - 45. Let t be s(-18). What is the greatest common divisor of t and 252?
63
Let n = 17 + -17. Suppose n*q = -4*k + q - 16, 5*q = 0. Let w(o) = o + 10. Let h be w(k). What is the greatest common divisor of h and 4?
2
Suppose 4*s - 19 = 3*s. Suppose 6*x - 2*x - 2*z - 532 = 0, 3*x + 5*z - 399 = 0. What is the highest common divisor of s and x?
19
Let c(z) = 10*z + 25. Let k be c(3). Let l be (-1 - 10)*(-5 + 3). What is the greatest common factor of l and k?
11
Let d = 39 + -35. Suppose 0 = d*j - 5 - 31. What is the greatest common factor of 54 and j?
9
Let c = 141 + -123. Let r be (-1)/2*-4*1. Suppose -k - r*i = k - 278, 5*k = 4*i + 740. Calculate the highest common divisor of k and c.
18
Suppose -3*s + 38 = 11. Suppose 14 - 242 = -6*y. Let w = y - 37. What is the greatest common divisor of w and s?
1
Let v = 8 - 0. Suppose 4*j + 36 = v*j. What is the highest common factor of 9 and j?
9
Suppose -1555 = -8*t + 3*t. Let g = t + -183. What is the highest common factor of g and 16?
16
Let v(i) = -16*i + 324. Let r be v(18). What is the greatest common factor of 324 and r?
36
Suppose 15*n + 1025 = 20*n. Let a be (-1 + 2)*(40 - -1). What is the greatest common factor of n and a?
41
Let j be ((-1 - -4) + -6)*-1. Let d = 521 + -512. Calculate the highest common factor of d and j.
3
Suppose -2*j = -2*t + 106, -3*t - 2*t + 2*j + 274 = 0. Calculate the highest common divisor of 28 and t.
28
Let i be ((-14)/6)/((-4)/384). Calculate the greatest common factor of i and 14.
14
Suppose -3*v + 8 = -10. Let g be 21/(14/18 - v/(-27)). What is the highest common factor of 84 and g?
21
Suppose 18*o + 70 = 23*o. Let k = -69 - -181. Calculate the greatest common factor of k and o.
14
Suppose -2*o - 4*u + 0 = 2, -5*o + 5*u + 55 = 0. Let n(w) = w**3 - 6*w**2 - 3*w + 16. Let q be n(o). What is the highest common divisor of q and 352?
44
Let q(z) = z**2 + 4*z - 7. Let d be q(2). Suppose -d*f = -f - y - 360, 4*y + 90 = f. What is the highest common factor of 60 and f?
30
Suppose 168 = -4*t + 68. Let x = t + 27. Let w = 34 + -12. Calculate the highest common divisor of w and x.
2
Suppose 0 = -z - 0*z + 3. Suppose 97 + 575 = 4*k - 2*g, 0 = 4*k - z*g - 672. Calculate the greatest common factor of k and 14.
14
Let m = 4 - 3. Let l be (m/(-2))/((-9)/162). What is the greatest common factor of 6 and l?
3
Let d be 6 - (-315)/(-49) - 1899/(-21). Suppose n + 2*n + 2*c - 46 = 0, 0 = -2*n - 4*c + 20. What is the greatest common factor of d and n?
18
Let y(l) = 3*l**3 + 33*l**2 - 2*l + 48. Let c be y(-11). Calculate the greatest common divisor of c and 98.
14
Suppose -5*r + 980 = 4*j, 2*j - 185 = -r - j. Suppose 0 = 2*i + 4*q - 112, -2*i + 2*q - r = -6*i. What is the highest common divisor of 24 and i?
24
Suppose 3*m = -m + 5*y + 57, 4*m + 3*y - 81 = 0. Suppose d + 2*j = -3, 0 = 7*d - 3*d + 2*j - m. What is the greatest common factor of d and 49?
7
Let r = -11 + 20. Let s be 9*(51/r - -2). Suppose 0 = 3*n + 3*b - s, -5*n = -4*n - b - 25. Calculate the highest common factor of n and 4.
4
Let y(k) = -2*k**2 + 14*k - 10. Let m be y(9). Let q = 174 + -104. Let c = m + q. What is the highest common divisor of c and 60?
12
Let c(x) = x**3 + 8*x**2 + 25*x + 65. Let t be c(-3). Let s = -219 - -490. Let r = s - 166. Calculate the greatest common divisor of t and r.
35
Let n = -27 - -43. Let i(g) = 11*g**3 - g - 2. Let c be i(-3). Let x = -168 - c. What is the greatest common factor of n and x?
16
Let g = 260 - 89. Let h be (-19)/(8/(-2) - -3). What is the greatest common divisor of h and g?
19
Let x = 1263 - 430. What is the greatest common factor of 357 and x?
119
Let f(g) = -g**3 + 2*g**2 + g + 11. Let n be f(0). Calculate the highest common divisor of 55 and n.
11
Suppose -2*u + 0*u = -22. Suppose 0 = -21*m + 19*m + 32. Suppose m = 4*t + 12. What is the greatest common factor of t and u?
1
Let u(q) = -6*q - 3*q**2 - q**2 + 3*q**2 - 13 + 14*q**2. Let z be u(-5). What is the greatest common divisor of 38 and z?
38
Let q = 29 + -19. Suppose -4*x = -q*h + 5*h + 1, 2*x - 5*h = -3. What is the highest common divisor of 2 and x?
1
Let v(k) = -k**3 - 9*k**2 - 12*k. Let z be v(-9). Calculate the greatest common divisor of 12 and z.
12
Suppose 3*n - 475 = -430. What is the greatest common divisor of n and 120?
15
Suppose 4*v = 2*n + 156, 4*v - n - 156 = -0*v. Let b = v - 23. Let c be (96/2)/(6/16). What is the highest common factor of c and b?
16
Suppose 7*p + 0*p = -70. Let z be (p + 70)*(-1)/(-2). Suppose i - 2*i = -2*o - 12, 3*i - o - 21 = 0. Calculate the greatest common factor of i and z.
6
Suppose 0 = -4*f + 336 + 84. Suppose -d + p - 3*p + 11 = 0, 3*d + 4*p - 23 = 0. Let j be 105/(-25)*(-5)/d. Calculate the greatest common divisor of j and f.
21
Suppose 615 = 4*j - 5*a, -2*j - 29*a + 24*a = -285. What is the highest common divisor of j and 225?
75
Suppose -3*y - 2*t + 222 = 0, 3*t = -2*t. Let l = -30 + y. Suppose 3*j + l = 134. Calculate the highest common divisor of 75 and j.
15
Let i = 156 + -75. What is the greatest common divisor of i and 18?
9
Suppose s + 3*z = -5 + 30, z + 15 = 2*s. Let h(f) = -f**3 + 11*f**2 - 9*f + 2. Let q be h(s). What is the highest common divisor of q and 12?
12
Let c be ((-24)/(-18))/((-2)/(-3)). Let q(o) = o**3 + 22*o**2 - 2*o - 39. Let n be q(-22). What is the greatest common divisor of c and n?
1
Let g(b) = b**3 - b**2 - 2*b - 1. Let c be g(3). Suppose -5*a = 3*f - 4 + c, 4*f - 29 = a. What is the highest common factor of 6 and f?
6
Let t = -73 + 195. Let d = -82 + t. Calculate the highest common factor of d and 30.
10
Let a = 434 + -390. What is the greatest common divisor of a and 4?
4
Let a = 67 + -100. Let n = 53 + a. Let i be (-2)/(2*1/(-8)). Calculate the highest common divisor of i and n.
4
Let c(i) = -38*i + 5. Let j be c(-2). Suppose -o = 4, 3*t - 75 - j = 3*o. Suppose 3*y - 60 - 300 = 0. Calculate the greatest common factor of t and y.
24
Let h be 8/6 + 2534/21. Let u = 304 - h. Calculate the highest common factor of u and 26.
26
Let g = 426 + -383. Calculate the highest common factor of 129 and g.
43
Let w be ((-38)/(-4))/(1/18). Suppose -70 = -4*b + 2*s, 10*b + 15*b = -5*s + 490. Calculate the greatest common divisor of w and b.
19
Let m be 8 - (0 + (-1 - (-5 - -4))). Suppose 68 = m*g - 12. Calculate the greatest common factor of 120 and g.
10
Let g(p) = 11*p - 5. Let i be g(10). Suppose -3*s + 8*s = i. What is the greatest common factor of s and 42?
21
Let m = -36 - -44. Let i = -15 - -23. What is the highest common factor of i and m?
8
Suppose 246 = -1141*s + 1182*s. Let q(p) = 31*p**2 + 2*p + 1. Let b be q(-1). What is the greatest common factor of s and b?
6
Let g = 276 + -387. Let c be 3/(-6) + g/(-2). Let w = 37 + -26. Calculate the highest common factor of c and w.
11
Let p(n) = -2*n + 21. Let s be p(12). Let i be -3 - ((-504)/s)/(-2). What is the highest common factor of 27 and i?
27
Let j = -95 + 151. Let t be ((-88)/33)/((-4)/6). Suppose t*b - 16 - 44 = 4*n, b - 10 = -4*n. What is the highest common factor of j and b?
14
Suppose 10 = 4*q + 6. Let w be 30/(-1)*-2*q/6. What is the greatest common divisor of w and 130?
10
Let q be 1/4 + (-91)/(-4). Suppose -3*i - 7 + q = p, -5*i = -p - 16. Suppose -124*g = -155*g + 868. Calculate the 